 0. Let a = -868 + v. What is the highest common factor of a and 585?
15
Let m(f) = 27*f**2 - 8*f - 5. Let r be m(5). Let y = r + -421. What is the greatest common factor of y and 22?
11
Suppose -4*o = -4*l - 8164, 41*o = 39*o - l + 4109. What is the greatest common divisor of 369 and o?
41
Let g(f) = -71*f + 643. Let v be g(9). What is the greatest common divisor of 20 and v?
4
Suppose -4*v = 31*n - 28*n - 48, 3*v = -4*n + 36. Let f be (-14088)/(-36) - v/(-18). Calculate the greatest common factor of f and 49.
49
Let y be 42 - (7 - 1)*2/(-4). Let v(f) = 2*f**2 + 12*f + 18. Let l be v(-6). Calculate the greatest common divisor of y and l.
9
Let t = -3409 - -3433. Calculate the highest common factor of t and 492.
12
Suppose 0 = 7*f + 1471 - 26076. Calculate the highest common divisor of 285 and f.
95
Let o = -45 - -39. Let l = o + 63. Suppose -5*q = -88 - 7. Calculate the greatest common divisor of l and q.
19
Let f be (-45)/(-75) + (-2)/(-5). Let m be (21/(-14))/(f/(-22)). Calculate the greatest common factor of 22 and m.
11
Suppose -362 - 186 = -5*l - 33. Calculate the highest common factor of 3193 and l.
103
Suppose -2*i + 37 - 29 = 0. Suppose -4*c + 8 = 0, -4*c + 1198 = i*d + c. What is the greatest common factor of 11 and d?
11
Let g(b) = 2*b**2 + 412*b + 2414. Let a be g(-6). Calculate the highest common divisor of 5446 and a.
14
Suppose -2*u = -4*u - 252. Let s be 1/(((-3)/1)/u). What is the highest common factor of s and 18?
6
Suppose -4*p + 2*m - 90 + 252 = 0, 5*p = m + 198. Suppose -k - t = -27, -k + p = t + 4*t. Calculate the highest common divisor of 48 and k.
24
Suppose 2 = 2*o - 8. Suppose -2*h + 5*f - 231 = -50, 5*h = -3*f - 437. Let t = -58 - h. What is the highest common divisor of o and t?
5
Let g = -87 - -152. Let q(z) = 3*z**2 + 3*z + z - 5 - 7*z. Let p be q(3). Calculate the highest common factor of p and g.
13
Suppose 4*u = -10*u + 4760. Let v = u - 184. Calculate the highest common divisor of 12 and v.
12
Let x = 953 - 954. Let z be 2/((-12)/(-7122)) + 3/x. What is the highest common factor of 74 and z?
74
Let k(i) = i**3 - 11*i**2 - 11*i - 10. Let p be k(12). Let u(h) = -3 + h + 2*h**p + 0*h - 3*h. Let n be u(3). Calculate the greatest common divisor of 72 and n.
9
Let u = 2307 - -4220. Calculate the greatest common factor of 107 and u.
107
Suppose -26*y + 65547 - 13539 + 29892 = 0. What is the highest common factor of y and 1008?
126
Suppose 234*d - 260*d + 676 = 0. Calculate the greatest common divisor of d and 2977.
13
Let m(k) = -k**3 - 84*k**2 - 9*k - 498. Let h be m(-84). What is the highest common factor of h and 5289?
129
Suppose 348*s - 294*s - 8694 = 0. What is the highest common divisor of s and 23?
23
Let f = 39 - 34. Suppose -10 + 145 = f*q. Let c = -20 + q. What is the highest common divisor of 56 and c?
7
Let g be (-192)/(-240) + (-903)/(-15). What is the highest common divisor of g and 1891?
61
Let d(q) = 541*q**2 - q - 316. Let u be d(8). What is the greatest common divisor of 50 and u?
50
Let x be 20/(-5)*(-2)/(-8)*-2. Suppose 2*u + 11 + 3 = x*d, -u + 13 = 3*d. Let m be ((-2)/d - 0) + 1175/125. What is the greatest common factor of 9 and m?
9
Let x be 42*((-34)/12 - -3) + -1. What is the highest common factor of 696 and x?
6
Let b(d) = -2*d - 14. Let q be b(-23). Let l(j) = -j - 10. Let i be l(-13). Suppose -33 + 9 = -i*x. Calculate the greatest common factor of q and x.
8
Let i be (227/4)/(13/(-52)). Let c = 284 + i. Calculate the greatest common factor of 38 and c.
19
Suppose 0 = h - 2*j - 17, 0 = -13*h + 11*h - j - 1. Calculate the greatest common factor of h and 411.
3
Let y(l) = 2*l**3 - 21*l**2 - 6*l - 44. Let d be y(11). Calculate the highest common divisor of d and 4367.
11
Let m(f) = -183*f - 119. Let b be m(-2). Calculate the greatest common factor of b and 437.
19
Let u(z) = -94*z + 1080. Let f be u(3). What is the highest common factor of 294 and f?
42
Let h = 13 + -5. Suppose 0*o = h*o - 288. Suppose -4*s = 55 - 151. What is the greatest common factor of o and s?
12
Let s(z) = 9*z**2 + 3*z + 3. Let a be s(3). Let h be 10 - (4/(-2))/((-4)/(-476)). Calculate the greatest common factor of h and a.
31
Suppose 3*q - 7030 = 41*q. Let y = q - -500. What is the greatest common factor of 35 and y?
35
Suppose b = -4*b - 20, 3*i = -3*b - 6. Suppose -3*y - 30 = -2*y - i*s, 4*y + 5*s = -159. Let m = -17 - y. What is the greatest common divisor of m and 171?
19
Let p(x) = -x**2 + 88*x + 3553. Let g be p(-29). Let f = -136 - -200. What is the highest common factor of g and f?
32
Let t = -5679 - -5707. What is the highest common divisor of t and 42?
14
Suppose -21 = 6*a + 27. Let x be ((-14)/a*-2)/(16/(-448)). Suppose 32 - 4 = j. Calculate the greatest common factor of x and j.
14
Suppose -i - 14 = -158. Let r be (8/(-16))/((-3)/i + 0). Let y(b) = -b**3 - 6*b**2 - b - 3. Let s be y(-6). What is the highest common divisor of s and r?
3
Let s be (-516)/(-36) - 2/6. Let t(m) = m - s*m + 6 + m**2 + 16 - 1. Let w be t(12). Calculate the highest common factor of w and 9.
9
Let n(i) = -7*i**3 - 47*i**2 + 18*i + 29. Let l be n(-7). Calculate the greatest common divisor of l and 179.
1
Let w be 16/28*14/4 + -10. Let s be -24*(12/w - -1). Calculate the highest common factor of 276 and s.
12
Let u(b) = 2*b**2 - 11*b + 2. Let h be u(5). Let f(j) = -11*j + 1. Let i be f(h). Suppose 32*z + 192 = i*z. Calculate the highest common factor of 12 and z.
12
Suppose 2*w = -3 + 11. Suppose 32 = w*m - 76. Let s = -472 - -475. What is the greatest common factor of m and s?
3
Let s = 1708 - 1680. Suppose 292 + 268 = 5*k. Calculate the greatest common divisor of k and s.
28
Let r(y) = 244*y - 124. Let i be r(5). What is the greatest common divisor of 56 and i?
8
Suppose 0 = g - 5*m - 3415, 10287 = -67*g + 70*g - m. Calculate the greatest common factor of g and 20.
10
Suppose -j - l + 22 + 38 = 0, 2*j + 3*l - 118 = 0. What is the highest common divisor of j and 62?
62
Suppose 2170 + 2780 = 40*x + 15*x. Calculate the greatest common divisor of x and 1485.
45
Let o = 257 - 140. Let w = o - 45. Suppose 5*s - 10*s = -40. Calculate the greatest common factor of s and w.
8
Let y be 3/(-2)*2/3. Let q be 0/(-7)*(-1)/y. Suppose -x - 5*x + 648 = q. Calculate the greatest common factor of 72 and x.
36
Let t = 4275 + 1332. What is the greatest common factor of 21 and t?
21
Let o = 2 - -1. Suppose 5 = -3*g - 2*g, 0 = -5*m - 2*g + 38. Let r be ((-18)/m)/(5 - (-249)/(-48)). What is the highest common divisor of r and o?
3
Suppose -324*i = -326*i - 5*b + 227, 2*b - 254 = -2*i. What is the greatest common factor of 867 and i?
17
Let j = -6154 + 7564. What is the highest common divisor of j and 120?
30
Let u(z) = z**3 + 5*z**2 - 5*z + 11. Let x be u(-6). Suppose 4*g - 1044 = -x*g. Let d = g + -76. What is the highest common divisor of 100 and d?
20
Suppose 24*q + 59*q + 83*q - 3818 = 0. Let k = -387 + 893. Calculate the highest common divisor of k and q.
23
Suppose -5*b = -3*c - 332, 38*c - 172 = -3*b + 33*c. Calculate the greatest common divisor of b and 248.
8
Let b be (12771/(-86))/((-2)/4)*(-1 + 7). Calculate the greatest common factor of 132 and b.
66
Suppose -2*d + 117 = 3*l, 27 = 2*l - 2*d - 41. Let y = -52358 - -52691. Calculate the highest common factor of y and l.
37
Let j(c) = 2*c**3 - c**2 - 16*c + 716. Let h be j(0). Calculate the greatest common factor of 4 and h.
4
Suppose 2*x - 380 = -2*c, -24*c + 23*c - 3210 = -16*x. Let n(w) = -w**2 + 40. Let r be n(0). Calculate the highest common divisor of r and x.
40
Let q = -332 + 215. Let c = q + 117. Suppose -2*x - 2*g + 2 = c, -3*x - x = g - 4. What is the highest common factor of x and 5?
1
Let x(d) = -2*d + 10. Let r be x(5). Suppose 0 = -2*l - r - 2. Let s be -1 + l + 830/10. Calculate the highest common factor of s and 54.
27
Let r = 12577 - 12497. Calculate the highest common divisor of r and 7408.
16
Let c be ((-3843)/(-122))/(3/4). Calculate the highest common divisor of c and 996.
6
Suppose 4*p - 106 + 78 = 0. Suppose 4*g = p + 9, -2*g = 5*s - 1858. What is the highest common divisor of s and 10?
10
Let k(p) = -p**2 - 239*p + 3630. Let o be k(14). Calculate the greatest common divisor of 594 and o.
22
Let y = 42 - 13. Let i = 273 - -30. Suppose 5*c - i = 5*a - 738, -5*c = a - 87